Let x(i) be the third derivative of i**6/120 + 3*i**5/20 - i**4/4 + 3*i**3/2 - 4*i**2. Let l be x(-9). What is the highest common factor of 21 and l?
21
Suppose 0 = -4*z - 9 - 23. Let n = -3 - z. Calculate the highest common factor of n and 55.
5
Let n(s) = -s**2 + 6*s + 8. Let x be n(6). Let c = x + -3. Suppose -q = q + 3*v - 31, 20 = c*q - 4*v. What is the highest common divisor of 56 and q?
8
Let r be 66/8 + (-4)/16. Suppose 5*x + b + 2*b - 320 = 0, -3*x + 2*b + 192 = 0. What is the greatest common divisor of x and r?
8
Let t(m) = 4*m + 3. Let q be (-344)/(-44) + (-2)/(-11). Let h be t(q). What is the greatest common factor of h and 5?
5
Let i = 13 + -8. Let j(c) = c**2 - 2*c - 3. Let y be j(i). Let f = -5 - -9. Calculate the greatest common divisor of f and y.
4
Let i(y) = y**3 - 2*y**2 - 3*y - 1. Let h be i(3). Let t be (3 - 1) + -1 + h. Suppose t = -c - 11 + 66. Calculate the highest common divisor of 22 and c.
11
Let t be 8 - ((0 - -4) + -7). What is the greatest common factor of 99 and t?
11
Suppose -94 = -2*q + 2*w, -4*q + 2*q + 88 = w. Suppose 4*z - 6*z + 30 = 0. Calculate the greatest common factor of z and q.
15
Let h be 8/((-1 + 2)/1). Let k = -173 + 261. Calculate the highest common factor of k and h.
8
Suppose 74 = -2*n + 290. Let r be 138/184*1/(1/16). Calculate the highest common factor of n and r.
12
Suppose 0 = -4*l - 5*h + 387, -4*l + l = 2*h - 292. Let y = l - 143. Let u be (-2)/(-9) + (-2015)/y. Calculate the greatest common factor of 30 and u.
15
Let c(m) = -m**3 - m. Let n be c(2). Let v be ((-12)/(-15))/((-4)/n). Calculate the greatest common factor of v and 22.
2
Let g(z) be the second derivative of 4/3*z**3 + 0 + 2*z**2 + 2*z. Let f be g(7). Calculate the highest common divisor of 6 and f.
6
Suppose 4*x = 24 - 0. Let p = x + -10. Let j be p/(-16) - (-142)/8. What is the greatest common divisor of 27 and j?
9
Let t(d) = d**3 - 7*d**2 + 9*d - 9. Let z be t(6). Calculate the greatest common factor of 72 and z.
9
Suppose -120 + 380 = 5*t. What is the greatest common divisor of 13 and t?
13
Suppose 5*d + 22 = 67. Calculate the greatest common factor of 9 and d.
9
Suppose -2*c + 6 = 2. Suppose c*i - 11 = 9. Suppose 0 = -3*o + v + 79, 137 = 3*o + 2*o - 3*v. Calculate the highest common factor of i and o.
5
Suppose -z - 4*z + 179 = -3*i, 53 = 2*z + 5*i. Calculate the highest common factor of 85 and z.
17
Let b = -67 + 123. Calculate the greatest common divisor of b and 8.
8
Let h(y) = -y**3 + 9*y**2 - 8*y + 1. Let k be h(8). Let j be (-1 + 0)/(k/(-3)). What is the highest common factor of 21 and j?
3
Let l be 2/5 - (-8)/5. Suppose -3*g = -l*g - 3*u - 16, -5*g + 3*u + 104 = 0. What is the highest common divisor of 22 and g?
22
Suppose 4*x - 14 = 46. Calculate the greatest common factor of 15 and x.
15
Let d(o) = o**2 + 10*o - 8. Let n be d(-12). Suppose 0 = -3*z - 6 + 438. What is the greatest common divisor of n and z?
16
Suppose 0*c = -4*c + 8. Suppose -c*x = -19 - 17. Calculate the highest common factor of x and 6.
6
Suppose 2 = 5*u - 3. Suppose 0 = 4*b - 7 - 5. Suppose 0 = -b*q - 3 + 36. What is the greatest common factor of q and u?
1
Let b = -16 - -36. Calculate the highest common factor of b and 120.
20
Let m be ((-2)/(-4))/((-2)/8). Let c be (1/(-2))/(m/44). Let o be 2 + 1 - 354/(-3). What is the greatest common divisor of c and o?
11
Let h = 17 + -5. What is the greatest common divisor of h and 48?
12
Suppose 103 - 5 = 2*l. Let i = -5 + 12. What is the greatest common factor of i and l?
7
Suppose -72 = -2*c + 6*c. Suppose -2*l - 3 = -l. Let d be c/(-5) - l/(-5). Calculate the highest common divisor of 33 and d.
3
Suppose -k = -12 - 18. Suppose 0 = 2*a - 6, -5*d = -2*a - 2*a - 48. Suppose 3*u - 2*u - d = 0. Calculate the greatest common divisor of k and u.
6
Let r be -3 - (-3 + -15 - -1). What is the highest common divisor of r and 7?
7
Let c(u) = 2*u**2 + 3*u - 1. Let m be c(-5). Let i = -102 + 187. What is the greatest common factor of m and i?
17
Let m = 11 + -6. Suppose -114 = -m*t + 186. Suppose 120 = -0*v + 5*v. Calculate the highest common factor of v and t.
12
Let d = 5 - 1. Suppose 2*q + d*m = 94, -1 = 4*m + 7. Suppose 0*g - q = -3*g. Calculate the greatest common factor of 187 and g.
17
Let c = 16 + -3. Suppose 31 = 3*g + 4*z, 3*g + 2*z + 0 - 23 = 0. Suppose 0 = g*w - 326 - 194. What is the greatest common factor of c and w?
13
Suppose -8 = r - 5*r. Calculate the greatest common divisor of 2 and r.
2
Let q = -17 + 34. Let f(k) = -13*k - 7. Let o be f(-11). Calculate the highest common factor of q and o.
17
Suppose -4*l - 5*m + 164 = 0, 5 = 5*m - 15. Let g be (l/21)/(2/28). Calculate the greatest common factor of 60 and g.
12
Let i = -19 + 25. Calculate the greatest common divisor of 24 and i.
6
Suppose 5*d + 6 = 276. Calculate the highest common divisor of 9 and d.
9
Suppose -6*k + 17 = -25. Suppose 0 = -x + 14 + k. Calculate the greatest common divisor of x and 189.
21
Let g(m) = -4*m - 6. Let c be g(-6). What is the highest common factor of c and 9?
9
Let x = 18 + 0. Let y be 3956/x - (-2)/9. What is the greatest common factor of y and 20?
20
Suppose -420 - 876 = -8*n. What is the highest common factor of 18 and n?
18
Suppose h - 2 = -5*u, 0 = -6*u + u + 4*h - 8. Suppose u = -4*l - 10 + 130. Let c = -8 - -11. Calculate the greatest common divisor of c and l.
3
Suppose 4*b - 5*b = 3*h - 60, -5*h = -3*b + 236. Suppose 4*i + 37 = 9*i - 3*c, 0 = -i + c + 7. What is the highest common divisor of i and b?
8
Let y be (6/12)/((-1)/(-22)). Calculate the highest common factor of 121 and y.
11
Let l = 216 - 138. Let j = l - 46. What is the greatest common factor of j and 48?
16
Suppose -q + 7 = -5. Suppose 3*w = 5*s + 39, 3*w + 2*s = -1 + 61. Calculate the highest common factor of w and q.
6
Let q = 21 - 13. Suppose -11*p + q*p = -99. What is the highest common factor of 22 and p?
11
Suppose z - 375 = -137. Let t be 9/6*z/21. Calculate the greatest common factor of 17 and t.
17
Let x = 365 + -250. Suppose -3*q = -x - 479. Calculate the greatest common divisor of q and 18.
18
Suppose -16 = 4*y, 3*i = 5*i + 5*y. Let g = -77 - -187. Calculate the highest common factor of i and g.
10
Suppose 3*v = 3, -4*v + 514 = -5*u + 8*u. Calculate the highest common divisor of 10 and u.
10
Let c(x) = x**3 + 5*x**2 - 5*x + 7. Suppose -q + 2*q + 6 = 0. Let r be c(q). Let o be (-21)/(r - 26/20). Calculate the greatest common factor of 10 and o.
10
Suppose x - 21 - 67 = 0. Let d = -5 + 15. Let v be ((-32)/d)/(8/(-20)). What is the greatest common divisor of v and x?
8
Suppose r = 2*y - 2 - 2, 0 = 3*y - 9. Let i(g) = -g**3 + 9*g**2 + g - 5. Let h be i(9). Calculate the greatest common divisor of r and h.
2
Suppose -p - 1 = -4. Suppose p*u - 8 = -2*h, 0 = 4*h + u + 2 + 2. Let a = 16 + h. Calculate the greatest common divisor of 42 and a.
14
Let u be (-2)/(((-2)/(-1))/(-24)). Suppose 0 = -5*v - 0*v + 60. Let p = 4 + v. Calculate the greatest common divisor of p and u.
8
Let c be 5/1*-2*10/(-4). What is the greatest common divisor of c and 5?
5
Suppose 4*m + 5*h = 23, 3*h = 4*h + 1. Suppose 245 = 5*g + 5*y, -3*g - 184 = -m*g - y. What is the highest common factor of 5 and g?
5
Let n be 2/6 - (-10)/6. Let h be (-76)/(-18) - (-12)/(-54). Suppose 2*y + 4*b - 36 = 0, -b = -2*y + h*b + 36. Calculate the highest common divisor of y and n.
2
Suppose -126 = -3*l + 138. Suppose -c - c + 16 = 0. Calculate the greatest common factor of l and c.
8
Suppose -6*j = -7*j + 7. What is the highest common factor of 133 and j?
7
Let h = 13 - -17. What is the highest common factor of 15 and h?
15
Let q = 5 + 23. What is the highest common factor of 7 and q?
7
Let r be (18/(-12))/(3/(-32)). Let i = r + 14. What is the highest common factor of 20 and i?
10
Let u(j) = -2*j - 15. Let m be u(-16). Calculate the highest common factor of m and 51.
17
Suppose 0 = u + 4*u - 350. Calculate the greatest common factor of 10 and u.
10
Suppose 2*y - 42 - 124 = 0. Suppose -35 + y = 4*x. Calculate the highest common divisor of x and 6.
6
Suppose 96 = 4*w + 8. Suppose -4*j = -y + 6, 4*j - 3*y + 3 = 1. Let z(r) = -8*r**3 - 2*r - 2. Let f be z(j). What is the greatest common factor of w and f?
22
Suppose 7*p - 2*p = -2*n + 22, 5*n = 5. Suppose 14 = -p*s + 146. Suppose -i = 4*